{"id":1095,"date":"2018-02-10T16:42:08","date_gmt":"2018-02-10T15:42:08","guid":{"rendered":"https:\/\/www.joergbehr.de\/?page_id=1095"},"modified":"2018-11-07T20:42:41","modified_gmt":"2018-11-07T19:42:41","slug":"besetzung-selbsthilfegruppe-giovanni","status":"publish","type":"page","link":"https:\/\/www.joergbehr.de\/?page_id=1095","title":{"rendered":"Besetzung SELBSTHILFEGRUPPE GIOVANNI"},"content":{"rendered":"<h6>Musikalische Leitung: <span style=\"color: #000000;\">G\u00fcnther Albers<\/span>,\u00a0 Regie: <a href=\"https:\/\/www.joergbehr.de\/?page_id=67\"><span style=\"color: #000000;\">J\u00f6rg Behr<\/span><\/a>, B\u00fchne: <span style=\"color: #000000;\">Andreas Wilkens<\/span>, Kost\u00fcme: <span style=\"color: #000000;\">Natalie Krautkr\u00e4mer.<\/span><\/h6>\n<h6>Giovanni: <span style=\"color: #000000;\">Fr\u00e9d\u00e9ric Moerth \/ Kanghyuk Lee<\/span>,\u00a0 Leporello: <span style=\"color: #000000;\">Doheon Kim<\/span>, Anna: <span style=\"color: #000000;\">Andrea Cueva Molnar<\/span>, Elvira: <span style=\"color: #000000;\">Rebekka Stolz<\/span>, Zerlina: <span style=\"color: #000000;\">Florentine Schumacher<\/span>, Masetto: <span style=\"color: #000000;\">Florian Conze<\/span>, Ottavio: <span style=\"color: #000000;\">Florian L\u00f6ffler<\/span>, Komtur: <span style=\"color: #000000;\">Seung Won Choi<\/span>.<\/h6>\n<div>\n<h6><span style=\"color: #000000;\">Instrumentalisten aus Studierenden der HfMDK Frankfurt, Klavier: Irina Buch.<\/span><\/h6>\n<\/div>\n","protected":false},"excerpt":{"rendered":"<p>Musikalische Leitung: G\u00fcnther Albers,\u00a0 Regie: J\u00f6rg Behr, B\u00fchne: Andreas Wilkens, Kost\u00fcme: Natalie Krautkr\u00e4mer. Giovanni: Fr\u00e9d\u00e9ric Moerth \/ Kanghyuk Lee,\u00a0 Leporello: Doheon Kim, Anna: Andrea Cueva Molnar, Elvira: Rebekka Stolz, Zerlina: Florentine Schumacher, Masetto: Florian Conze, Ottavio: Florian L\u00f6ffler, Komtur: Seung Won Choi. Instrumentalisten aus Studierenden &hellip; <a href=\"https:\/\/www.joergbehr.de\/?page_id=1095\" class=\"more-link\"><span>Continue reading<span class=\"screen-reader-text\">Besetzung SELBSTHILFEGRUPPE GIOVANNI<\/span><\/span><\/a><\/p>\n","protected":false},"author":1,"featured_media":0,"parent":1087,"menu_order":0,"comment_status":"closed","ping_status":"closed","template":"","meta":{"jetpack_post_was_ever_published":false,"footnotes":""},"class_list":["post-1095","page","type-page","status-publish","hentry"],"jetpack_sharing_enabled":true,"jetpack_shortlink":"https:\/\/wp.me\/P9tc3I-hF","jetpack_likes_enabled":true,"jetpack-related-posts":[{"id":1676,"url":"https:\/\/www.joergbehr.de\/?page_id=1676","url_meta":{"origin":1095,"position":0},"title":"Besetzung Un Ballo In Maschera (Ein Maskenball)","author":"Schorse","date":"7. Dezember 2019","format":false,"excerpt":"Musikalische Leitung: Laurent Wagner,\u00a0Inszenierung: J\u00f6rg Behr, B\u00fchne, Kost\u00fcme: Anna Brandst\u00e4tter, Choreinstudierung: Gerald Krammer, Dramaturgie: Felix Eckerle. Riccardo: Isaac Lee, Renato: Alejandro L\u00e1rraga Schleske, Amelia: Anne Preu\u00df, Ulrica: Eva-Maria Wurlitzer, Oscar: Miriam Zubieta, Silvano: Johannes Beck, Samuel: Kai Wefer, Tom: Ulrich Burdack, Ein Richter\/ Ein Diener Amelias: Florian Neubauer. Chor, Chorg\u00e4ste\u2026","rel":"","context":"\u00c4hnlicher Beitrag","block_context":{"text":"\u00c4hnlicher Beitrag","link":""},"img":{"alt_text":"","src":"https:\/\/i0.wp.com\/www.joergbehr.de\/wp-content\/uploads\/2019\/12\/JRB_2368-scaled.jpg?fit=1200%2C801&ssl=1&resize=350%2C200","width":350,"height":200,"srcset":"https:\/\/i0.wp.com\/www.joergbehr.de\/wp-content\/uploads\/2019\/12\/JRB_2368-scaled.jpg?fit=1200%2C801&ssl=1&resize=350%2C200 1x, https:\/\/i0.wp.com\/www.joergbehr.de\/wp-content\/uploads\/2019\/12\/JRB_2368-scaled.jpg?fit=1200%2C801&ssl=1&resize=525%2C300 1.5x, https:\/\/i0.wp.com\/www.joergbehr.de\/wp-content\/uploads\/2019\/12\/JRB_2368-scaled.jpg?fit=1200%2C801&ssl=1&resize=700%2C400 2x, https:\/\/i0.wp.com\/www.joergbehr.de\/wp-content\/uploads\/2019\/12\/JRB_2368-scaled.jpg?fit=1200%2C801&ssl=1&resize=1050%2C600 3x"},"classes":[]},{"id":1087,"url":"https:\/\/www.joergbehr.de\/?page_id=1087","url_meta":{"origin":1095,"position":1},"title":"SELBSTHILFEGRUPPE GIOVANNI nach W. A. Mozart an der HfMDK Frankfurt","author":"Schorse","date":"10. Februar 2018","format":false,"excerpt":"\u00a9 Fotos Bj\u00f6rn Hadem https:\/\/www.joergbehr.de\/?page_id=1095 Einige Jahre nach dem mysteri\u00f6sen Verschwinden des faszinierenden Verf\u00fchrers Don Giovanni treffen sich die, die bis zuletzt mit ihm zu tun hatten, um Ihre einschneidende Begegnungen mit ihm und die Ereignisse nach dem Tod von Donna Annas Vater aufzuarbeiten: In der Gruppe kommen so Tr\u00e4ume,\u2026","rel":"","context":"\u00c4hnlicher Beitrag","block_context":{"text":"\u00c4hnlicher Beitrag","link":""},"img":{"alt_text":"","src":"","width":0,"height":0},"classes":[]},{"id":810,"url":"https:\/\/www.joergbehr.de\/?page_id=810","url_meta":{"origin":1095,"position":2},"title":"Weitere Regiearbeiten","author":"Schorse","date":"14. Dezember 2017","format":false,"excerpt":"Massenet: LE PORTRAIT DE MANON - HMT Leipzig Anno Schreier: WUNDERLAND - Theater Freiburg J. Bock: ANATEVKA - Theater Baden-Baden J. Haydn: IL MONDO DELLA LUNA - Osterfestspiele Baden-Baden L. Evers: GOLD - Staatsoper Stuttgart Nach Mozart: SELBSTHILFEGRUPPE GIOVANNI - HfMDK Frankfurt E. K\u00e1lm\u00e1n: DIE CS\u00c1RD\u00c1SF\u00dcRSTIN - Opera Academy Oslo\u2026","rel":"","context":"\u00c4hnlicher Beitrag","block_context":{"text":"\u00c4hnlicher Beitrag","link":""},"img":{"alt_text":"","src":"","width":0,"height":0},"classes":[]},{"id":500,"url":"https:\/\/www.joergbehr.de\/?page_id=500","url_meta":{"origin":1095,"position":3},"title":"Besetzung Anatevka","author":"Schorse","date":"6. Dezember 2017","format":false,"excerpt":"Musikalische Leitung: Hans-Georg Wilhelm, Inszenierung: J\u00f6rg Behr, Choreographie: Moira Fetterman, B\u00fchne und Kost\u00fcme: Marc Weeger, Dramaturgie: Lona Lejeune. Mit: Sonja Dengler, Rainer Haring, Oliver Jacobs, Nadine Kettler, David Liske, Rosalinde Renn, Stefan Roschy, Dimetrio-Giovanni Rupp, Patrick Schadenberg, Maria Thomas, Constanze Weinig, Berth Wesselmann, Hans-Georg Wilhelm, Patrick Wudtke und den Musikern:\u2026","rel":"","context":"\u00c4hnlicher Beitrag","block_context":{"text":"\u00c4hnlicher Beitrag","link":""},"img":{"alt_text":"","src":"","width":0,"height":0},"classes":[]}],"_links":{"self":[{"href":"https:\/\/www.joergbehr.de\/index.php?rest_route=\/wp\/v2\/pages\/1095","targetHints":{"allow":["GET"]}}],"collection":[{"href":"https:\/\/www.joergbehr.de\/index.php?rest_route=\/wp\/v2\/pages"}],"about":[{"href":"https:\/\/www.joergbehr.de\/index.php?rest_route=\/wp\/v2\/types\/page"}],"author":[{"embeddable":true,"href":"https:\/\/www.joergbehr.de\/index.php?rest_route=\/wp\/v2\/users\/1"}],"replies":[{"embeddable":true,"href":"https:\/\/www.joergbehr.de\/index.php?rest_route=%2Fwp%2Fv2%2Fcomments&post=1095"}],"version-history":[{"count":10,"href":"https:\/\/www.joergbehr.de\/index.php?rest_route=\/wp\/v2\/pages\/1095\/revisions"}],"predecessor-version":[{"id":1306,"href":"https:\/\/www.joergbehr.de\/index.php?rest_route=\/wp\/v2\/pages\/1095\/revisions\/1306"}],"up":[{"embeddable":true,"href":"https:\/\/www.joergbehr.de\/index.php?rest_route=\/wp\/v2\/pages\/1087"}],"wp:attachment":[{"href":"https:\/\/www.joergbehr.de\/index.php?rest_route=%2Fwp%2Fv2%2Fmedia&parent=1095"}],"curies":[{"name":"wp","href":"https:\/\/api.w.org\/{rel}","templated":true}]}}

<h6>Musikalische Leitung: <span style="color: #000000;">Günther Albers</span>,  Regie: <a href="https://www.joergbehr.de/?page_id=67"><span style="color: #000000;">Jörg Behr</span></a>, Bühne: <span style="color: #000000;">Andreas Wilkens</span>, Kostüme: <span style="color: #000000;">Natalie Krautkrämer.</span></h6>
<h6>Giovanni: <span style="color: #000000;">Frédéric Moerth / Kanghyuk Lee</span>,  Leporello: <span style="color: #000000;">Doheon Kim</span>, Anna: <span style="color: #000000;">Andrea Cueva Molnar</span>, Elvira: <span style="color: #000000;">Rebekka Stolz</span>, Zerlina: <span style="color: #000000;">Florentine Schumacher</span>, Masetto: <span style="color: #000000;">Florian Conze</span>, Ottavio: <span style="color: #000000;">Florian Löffler</span>, Komtur: <span style="color: #000000;">Seung Won Choi</span>.</h6>
<div>
<h6><span style="color: #000000;">Instrumentalisten aus Studierenden der HfMDK Frankfurt, Klavier: Irina Buch.</span></h6>
</div>

<p>Musikalische Leitung: Günther Albers,  Regie: Jörg Behr, Bühne: Andreas Wilkens, Kostüme: Natalie Krautkrämer. Giovanni: Frédéric Moerth / Kanghyuk Lee,  Leporello: Doheon Kim, Anna: Andrea Cueva Molnar, Elvira: Rebekka Stolz, Zerlina: Florentine Schumacher, Masetto: Florian Conze, Ottavio: Florian Löffler, Komtur: Seung Won Choi. Instrumentalisten aus Studierenden &hellip; <a href="https://www.joergbehr.de/?page_id=1095" class="more-link"><span>Continue reading<span class="screen-reader-text">Besetzung SELBSTHILFEGRUPPE GIOVANNI</span></span></a></p>

Musikalische Leitung: Laurent Wagner, Inszenierung: Jörg Behr, Bühne, Kostüme: Anna Brandstätter, Choreinstudierung: Gerald Krammer, Dramaturgie: Felix Eckerle. Riccardo: Isaac Lee, Renato: Alejandro Lárraga Schleske, Amelia: Anne Preuß, Ulrica: Eva-Maria Wurlitzer, Oscar: Miriam Zubieta, Silvano: Johannes Beck, Samuel: Kai Wefer, Tom: Ulrich Burdack, Ein Richter/ Ein Diener Amelias: Florian Neubauer. Chor, Chorgäste…

Ähnlicher Beitrag

© Fotos Björn Hadem https://www.joergbehr.de/?page_id=1095 Einige Jahre nach dem mysteriösen Verschwinden des faszinierenden Verführers Don Giovanni treffen sich die, die bis zuletzt mit ihm zu tun hatten, um Ihre einschneidende Begegnungen mit ihm und die Ereignisse nach dem Tod von Donna Annas Vater aufzuarbeiten: In der Gruppe kommen so Träume,…

Massenet: LE PORTRAIT DE MANON - HMT Leipzig Anno Schreier: WUNDERLAND - Theater Freiburg J. Bock: ANATEVKA - Theater Baden-Baden J. Haydn: IL MONDO DELLA LUNA - Osterfestspiele Baden-Baden L. Evers: GOLD - Staatsoper Stuttgart Nach Mozart: SELBSTHILFEGRUPPE GIOVANNI - HfMDK Frankfurt E. Kálmán: DIE CSÁRDÁSFÜRSTIN - Opera Academy Oslo…

Musikalische Leitung: Hans-Georg Wilhelm, Inszenierung: Jörg Behr, Choreographie: Moira Fetterman, Bühne und Kostüme: Marc Weeger, Dramaturgie: Lona Lejeune. Mit: Sonja Dengler, Rainer Haring, Oliver Jacobs, Nadine Kettler, David Liske, Rosalinde Renn, Stefan Roschy, Dimetrio-Giovanni Rupp, Patrick Schadenberg, Maria Thomas, Constanze Weinig, Berth Wesselmann, Hans-Georg Wilhelm, Patrick Wudtke und den Musikern:…
