{"id":2318,"date":"2022-10-10T12:52:49","date_gmt":"2022-10-10T10:52:49","guid":{"rendered":"https:\/\/www.joergbehr.de\/?page_id=2318"},"modified":"2023-04-23T22:35:15","modified_gmt":"2023-04-23T20:35:15","slug":"sieben-letzte-worte-sieben-musiktheater-videos","status":"publish","type":"page","link":"https:\/\/www.joergbehr.de\/?page_id=2318","title":{"rendered":"SIEBEN LETZTE WORTE &#8211; Sieben Musiktheater-Videos"},"content":{"rendered":"\n<h3 class=\"wp-block-heading\"><strong>SIEBEN LETZTE WORTE mit <a href=\"https:\/\/lisbeth-rasmussen-juel.de\/\">Lisbeth Rasmussen Juel<\/a> (Sopran) und <a href=\"https:\/\/kristina-polly-sibenik.de\/pianistin\/\">Kristina Polly-\u0160ibenik<\/a> (Klavier u.a.) sind meine Erstlings-Musiktheater-Videos<\/strong> <\/h3>\n\n\n\n<p><\/p>\n\n\n\n<p><em><strong>Das Sterben betrifft uns alle, doch im Alltag bleibt es ein Tabu. Kommen wir nicht mehr an dem Thema vorbei, ersch\u00fcttert es uns um so mehr. &#8222;Die sieben letzten Worte Jesu am Kreuz\u201c thematisieren in sieben Schritten den \u00dcbergang vom Leben zum Tod. Die Bibelstellen-Collage ist im 18. Jahrhundert in S\u00fcdamerika entstanden. Letztlich feiert sie &#8211; und feiern damit wir &#8211; das uns verbleibende Leben.<\/strong><\/em><\/p>\n\n\n\n<p><strong>Eine Heptalogie von sieben Musiktheater-Skizzen haben wir als Videos dazu frei assoziiert &#8211; mit Musik von Johann Sebastian Bach, Georg Friedrich H\u00e4ndel, Henry Purcell, Giuseppe Verdi, Giacomo Puccini, Richard Strauss, und &#8211; last but not least &#8211; Joseph Haydn.<\/strong><\/p>\n\n\n\n<figure class=\"wp-block-pullquote\"><blockquote><p><strong><em>E i n Stipendium des Ministeriums f\u00fcr Kunst, Wissenschaft und Forschung Baden-W\u00fcrttemberg, <\/em><\/strong><br><strong><em>z w e i Scheinwerfer, d r e i Systemkameras, v i e r Menschen, f \u00fc n f Mikrofone, s e c h s Monate Zeit und als Ergebnis: S i e b e n szenische Skizzen.<\/em><\/strong><\/p><\/blockquote><\/figure>\n\n\n\n<p><strong>Drehen konnten wir dankenswerterweise in St. Josef in Stuttgart-Heslach, einem von der Denkmalpflege BW k\u00fcrzlich ausgezeichneten &#8222;Kunstdenkmal der Nachkriegsmoderne&#8220;.<\/strong><\/p>\n\n\n\n<figure class=\"wp-block-embed is-type-video is-provider-youtube wp-block-embed-youtube wp-embed-aspect-16-9 wp-has-aspect-ratio\"><div class=\"wp-block-embed__wrapper\">\n<span class=\"embed-youtube\" style=\"text-align:center; display: block;\"><iframe loading=\"lazy\" class=\"youtube-player\" width=\"756\" height=\"426\" src=\"https:\/\/www.youtube.com\/embed\/zgtq_FhTn4k?version=3&#038;rel=1&#038;showsearch=0&#038;showinfo=1&#038;iv_load_policy=1&#038;fs=1&#038;hl=de-DE&#038;autohide=2&#038;wmode=transparent\" allowfullscreen=\"true\" style=\"border:0;\" sandbox=\"allow-scripts allow-same-origin allow-popups allow-presentation allow-popups-to-escape-sandbox\"><\/iframe><\/span>\n<\/div><figcaption class=\"wp-element-caption\"><strong>SIEBEN LETZTE WORTE &#8211; Skizze 1: VERGEBUNG [Musik: J. Haydn \/ G. Verdi: &#8222;Pace, o mio dio&#8220;] [1 von 7]<\/strong><\/figcaption><\/figure>\n\n\n\n<p><\/p>\n\n\n\n<blockquote class=\"wp-block-quote is-layout-flow wp-block-quote-is-layout-flow\">\n<p><strong>Bei dieser Hommage an Joseph Haydn und den polnischen Filmregisseur Krzysztof Kie\u015blowski habe ich nicht nur in Sachen Tonmischen und Videoschnitt sehr viel Neues \u00fcber das f\u00fcr mich neue Medium Video gelernt\u2026<\/strong>&#8222;<\/p>\n<\/blockquote>\n\n\n\n<p><\/p>\n\n\n\n<figure class=\"wp-block-embed is-type-video is-provider-youtube wp-block-embed-youtube wp-embed-aspect-16-9 wp-has-aspect-ratio\"><div class=\"wp-block-embed__wrapper\">\n<span class=\"embed-youtube\" style=\"text-align:center; display: block;\"><iframe loading=\"lazy\" class=\"youtube-player\" width=\"756\" height=\"426\" src=\"https:\/\/www.youtube.com\/embed\/TKTntSTD0FE?version=3&#038;rel=1&#038;showsearch=0&#038;showinfo=1&#038;iv_load_policy=1&#038;fs=1&#038;hl=de-DE&#038;autohide=2&#038;wmode=transparent\" allowfullscreen=\"true\" style=\"border:0;\" sandbox=\"allow-scripts allow-same-origin allow-popups allow-presentation allow-popups-to-escape-sandbox\"><\/iframe><\/span>\n<\/div><figcaption class=\"wp-element-caption\"><strong>SIEBEN LETZTE WORTE Skizze 2: HOFFNUNG [2 von 7]: [Musik: J. S. Bach &#8222;Schlummert ein&#8220;, J. Haydn ]<\/strong><\/figcaption><\/figure>\n\n\n\n<p id=\"block-674865f7-b491-421f-ae7a-4fec2da0f4c3\"><\/p>\n\n\n\n<figure class=\"wp-block-embed is-type-video is-provider-youtube wp-block-embed-youtube wp-embed-aspect-16-9 wp-has-aspect-ratio\"><div class=\"wp-block-embed__wrapper\">\n<span class=\"embed-youtube\" style=\"text-align:center; display: block;\"><iframe loading=\"lazy\" class=\"youtube-player\" width=\"756\" height=\"426\" src=\"https:\/\/www.youtube.com\/embed\/Dt-hscycrCk?version=3&#038;rel=1&#038;showsearch=0&#038;showinfo=1&#038;iv_load_policy=1&#038;fs=1&#038;hl=de-DE&#038;autohide=2&#038;wmode=transparent\" allowfullscreen=\"true\" style=\"border:0;\" sandbox=\"allow-scripts allow-same-origin allow-popups allow-presentation allow-popups-to-escape-sandbox\"><\/iframe><\/span>\n<\/div><figcaption class=\"wp-element-caption\"><strong>SIEBEN LETZTE WORTE Skizze 3 SIEHE, DEIN SOHN [3 von 7]: [Musik: Haydn \/ Puccini: &#8222;Senza mamma&#8220;]<\/strong><\/figcaption><\/figure>\n\n\n\n<figure class=\"wp-block-embed is-type-video is-provider-youtube wp-block-embed-youtube wp-embed-aspect-16-9 wp-has-aspect-ratio\"><div class=\"wp-block-embed__wrapper\">\n<span class=\"embed-youtube\" style=\"text-align:center; display: block;\"><iframe loading=\"lazy\" class=\"youtube-player\" width=\"756\" height=\"426\" src=\"https:\/\/www.youtube.com\/embed\/jxsI4Nqkxbc?version=3&#038;rel=1&#038;showsearch=0&#038;showinfo=1&#038;iv_load_policy=1&#038;fs=1&#038;hl=de-DE&#038;autohide=2&#038;wmode=transparent\" allowfullscreen=\"true\" style=\"border:0;\" sandbox=\"allow-scripts allow-same-origin allow-popups allow-presentation allow-popups-to-escape-sandbox\"><\/iframe><\/span>\n<\/div><figcaption class=\"wp-element-caption\"><strong>SIEBEN LETZTE WORTE Skizze 4 ANGST [4 von 7]: [Musik: J. Haydn \/ G. Verdi: &#8222;Canzone del Salice&#8220;]<\/strong><\/figcaption><\/figure>\n\n\n\n<p><\/p>\n\n\n\n<figure class=\"wp-block-embed is-type-video is-provider-youtube wp-block-embed-youtube wp-embed-aspect-16-9 wp-has-aspect-ratio\"><div class=\"wp-block-embed__wrapper\">\n<span class=\"embed-youtube\" style=\"text-align:center; display: block;\"><iframe loading=\"lazy\" class=\"youtube-player\" width=\"756\" height=\"426\" src=\"https:\/\/www.youtube.com\/embed\/F_56NI8wB0c?version=3&#038;rel=1&#038;showsearch=0&#038;showinfo=1&#038;iv_load_policy=1&#038;fs=1&#038;hl=de-DE&#038;autohide=2&#038;wmode=transparent\" allowfullscreen=\"true\" style=\"border:0;\" sandbox=\"allow-scripts allow-same-origin allow-popups allow-presentation allow-popups-to-escape-sandbox\"><\/iframe><\/span>\n<\/div><figcaption class=\"wp-element-caption\"><strong>SIEBEN LETZTE WORTE Skizze 5 DURST [5 von 7]: [Musik: J. Haydn \/ G.Verdi \/ R. Strauss: &#8222;Du wolltest mich nicht&#8230;&#8220;]<\/strong><\/figcaption><\/figure>\n\n\n\n<p id=\"block-353355c2-acfc-4cf8-a8ba-a6529e71b8cc\"><strong>M\u00f6glich wurde das Projekt durch ein Stipendium des Ministeriums f\u00fcr Kunst, Wissenschaft und Forschung Baden-W\u00fcrttemberg.<\/strong><\/p>\n\n\n\n<p><\/p>\n\n\n\n<p id=\"block-03e1bbf5-292a-4279-b17e-e1aebc464b24\"><\/p>\n\n\n\n<figure class=\"wp-block-embed is-type-video is-provider-youtube wp-block-embed-youtube wp-embed-aspect-16-9 wp-has-aspect-ratio\"><div class=\"wp-block-embed__wrapper\">\n<span class=\"embed-youtube\" style=\"text-align:center; display: block;\"><iframe loading=\"lazy\" class=\"youtube-player\" width=\"756\" height=\"426\" src=\"https:\/\/www.youtube.com\/embed\/ASqG718N3Y8?version=3&#038;rel=1&#038;showsearch=0&#038;showinfo=1&#038;iv_load_policy=1&#038;fs=1&#038;hl=de-DE&#038;autohide=2&#038;wmode=transparent\" allowfullscreen=\"true\" style=\"border:0;\" sandbox=\"allow-scripts allow-same-origin allow-popups allow-presentation allow-popups-to-escape-sandbox\"><\/iframe><\/span>\n<\/div><figcaption class=\"wp-element-caption\"><strong>SIEBEN LETZTE WORTE Skizze 6 VORBEI? [6 von 7] [Musik: J. Haydn \/ G. F. H\u00c4NDEL: &#8222;Author of peace&#8220;]<\/strong><\/figcaption><\/figure>\n\n\n\n<figure class=\"wp-block-embed is-type-video is-provider-youtube wp-block-embed-youtube wp-embed-aspect-16-9 wp-has-aspect-ratio\"><div class=\"wp-block-embed__wrapper\">\n<span class=\"embed-youtube\" style=\"text-align:center; display: block;\"><iframe loading=\"lazy\" class=\"youtube-player\" width=\"756\" height=\"426\" src=\"https:\/\/www.youtube.com\/embed\/7aizFnEHpAg?version=3&#038;rel=1&#038;showsearch=0&#038;showinfo=1&#038;iv_load_policy=1&#038;fs=1&#038;hl=de-DE&#038;autohide=2&#038;wmode=transparent\" allowfullscreen=\"true\" style=\"border:0;\" sandbox=\"allow-scripts allow-same-origin allow-popups allow-presentation allow-popups-to-escape-sandbox\"><\/iframe><\/span>\n<\/div><figcaption class=\"wp-element-caption\"><strong>SIEBEN LETZTE WORTE Skizze 7 IN DEINER HAND [7 von 7]: [Musik: Haydn \/ Purcell &#8222;When I am laid&#8220;]<\/strong><\/figcaption><\/figure>\n\n\n\n<p>Alle Episoden in HD als fortlaufender Film:<\/p>\n\n\n\n<figure class=\"wp-block-embed is-type-video is-provider-youtube wp-block-embed-youtube wp-embed-aspect-16-9 wp-has-aspect-ratio\"><div class=\"wp-block-embed__wrapper\">\n<span class=\"embed-youtube\" style=\"text-align:center; display: block;\"><iframe loading=\"lazy\" class=\"youtube-player\" width=\"756\" height=\"426\" src=\"https:\/\/www.youtube.com\/embed\/K_bkTg-1f_w?version=3&#038;rel=1&#038;showsearch=0&#038;showinfo=1&#038;iv_load_policy=1&#038;fs=1&#038;hl=de-DE&#038;autohide=2&#038;wmode=transparent\" allowfullscreen=\"true\" style=\"border:0;\" sandbox=\"allow-scripts allow-same-origin allow-popups allow-presentation allow-popups-to-escape-sandbox\"><\/iframe><\/span>\n<\/div><\/figure>\n\n\n\n<p><strong>Weitere Medien:<\/strong><\/p>\n\n\n\n<figure class=\"wp-block-embed is-type-wp-embed is-provider-jorg-behr wp-block-embed-jorg-behr\"><div class=\"wp-block-embed__wrapper\">\n<blockquote class=\"wp-embedded-content\" data-secret=\"Vs6AeASDmo\"><a href=\"https:\/\/www.joergbehr.de\/?p=2040\">DAS BLAMIERSPIEL &#8211; DAS SPIEL MIT DER SKANDALISIERUNG &#8211; Podcast (Folgen  1 bis 5)<\/a><\/blockquote><iframe loading=\"lazy\" class=\"wp-embedded-content\" sandbox=\"allow-scripts\" security=\"restricted\" style=\"position: absolute; clip: rect(1px, 1px, 1px, 1px);\" title=\"&#8222;DAS BLAMIERSPIEL &#8211; DAS SPIEL MIT DER SKANDALISIERUNG &#8211; Podcast (Folgen  1 bis 5)&#8220; &#8212; J\u00f6rg Behr\" src=\"https:\/\/www.joergbehr.de\/?p=2040&#038;embed=true#?secret=R94rFFGrVN#?secret=Vs6AeASDmo\" data-secret=\"Vs6AeASDmo\" width=\"600\" height=\"338\" frameborder=\"0\" marginwidth=\"0\" marginheight=\"0\" scrolling=\"no\"><\/iframe>\n<\/div><\/figure>\n","protected":false},"excerpt":{"rendered":"<p>SIEBEN LETZTE WORTE mit Lisbeth Rasmussen Juel (Sopran) und Kristina Polly-\u0160ibenik (Klavier u.a.) sind meine Erstlings-Musiktheater-Videos Das Sterben betrifft uns alle, doch im Alltag bleibt es ein Tabu. Kommen wir nicht mehr an dem Thema vorbei, ersch\u00fcttert es uns um so mehr. &#8222;Die sieben letzten &hellip; <a href=\"https:\/\/www.joergbehr.de\/?page_id=2318\" class=\"more-link\"><span>Continue reading<span class=\"screen-reader-text\">SIEBEN LETZTE WORTE &#8211; Sieben Musiktheater-Videos<\/span><\/span><\/a><\/p>\n","protected":false},"author":1,"featured_media":0,"parent":0,"menu_order":0,"comment_status":"closed","ping_status":"closed","template":"","meta":{"jetpack_post_was_ever_published":false,"footnotes":""},"class_list":["post-2318","page","type-page","status-publish","hentry"],"jetpack_sharing_enabled":true,"jetpack_shortlink":"https:\/\/wp.me\/P9tc3I-Bo","jetpack_likes_enabled":true,"jetpack-related-posts":[{"id":2341,"url":"https:\/\/www.joergbehr.de\/?page_id=2341","url_meta":{"origin":2318,"position":0},"title":"MEDIA","author":"Schorse","date":"10. Oktober 2022","format":false,"excerpt":"SIEBEN LETZTE WORTE \u2013 Sieben Musiktheater-Videos DAS BLAMIERSPIEL \u2013 DAS SPIEL MIT DER SKANDALISIERUNG \u2013 Podcast (Folgen 1 bis 5)","rel":"","context":"\u00c4hnlicher Beitrag","block_context":{"text":"\u00c4hnlicher Beitrag","link":""},"img":{"alt_text":"","src":"","width":0,"height":0},"classes":[]},{"id":212,"url":"https:\/\/www.joergbehr.de\/?page_id=212","url_meta":{"origin":2318,"position":1},"title":"Puccini\/Bart\u00f3k: DER MANTEL\/ HERZOG BLAUBARTS BURG &#8211; Theater Freiburg","author":"Schorse","date":"29. November 2017","format":false,"excerpt":"\u00a9 Fotos:\u00a0Maurice Korbel Der Mantel\/Herzog Blaubarts Burg am Theater Freiburg https:\/\/www.joergbehr.de\/?page_id=582 Pressestimmen: Badische Zeitung am 28. April 2014 \u201e(...) Musiktheater anregend, quasi handgemacht und ohne multimedialen Schnickschnack. Einiges an Psychologie ist durchweg mit im Spiel. Geht es doch in beiden F\u00e4llen um Getriebene. Beim Schiffseigner Michele (Juan Orosco)... ist die\u2026","rel":"","context":"\u00c4hnlicher Beitrag","block_context":{"text":"\u00c4hnlicher Beitrag","link":""},"img":{"alt_text":"","src":"https:\/\/i0.wp.com\/www.joergbehr.de\/wp-content\/uploads\/2017\/11\/LUV_0047_-2.jpg?fit=1200%2C798&ssl=1&resize=350%2C200","width":350,"height":200,"srcset":"https:\/\/i0.wp.com\/www.joergbehr.de\/wp-content\/uploads\/2017\/11\/LUV_0047_-2.jpg?fit=1200%2C798&ssl=1&resize=350%2C200 1x, https:\/\/i0.wp.com\/www.joergbehr.de\/wp-content\/uploads\/2017\/11\/LUV_0047_-2.jpg?fit=1200%2C798&ssl=1&resize=525%2C300 1.5x, https:\/\/i0.wp.com\/www.joergbehr.de\/wp-content\/uploads\/2017\/11\/LUV_0047_-2.jpg?fit=1200%2C798&ssl=1&resize=700%2C400 2x, https:\/\/i0.wp.com\/www.joergbehr.de\/wp-content\/uploads\/2017\/11\/LUV_0047_-2.jpg?fit=1200%2C798&ssl=1&resize=1050%2C600 3x"},"classes":[]},{"id":67,"url":"https:\/\/www.joergbehr.de\/?page_id=67","url_meta":{"origin":2318,"position":2},"title":"Vita","author":"Schorse","date":"27. November 2017","format":false,"excerpt":"J\u00f6rg Behr, geboren in Bremen, studierte w\u00e4hrend der Schulzeit als Jungstudent Violine an der Bremer Hochschule f\u00fcr K\u00fcnste. Nach dem Abitur absolvierte er den Studiengang Musiktheater-Regie in Hamburg (Leitung: G\u00f6tz Friedrich), den er 1997 mit Auszeichnung und der Inszenierung von Luciano Berios Fassung von Mozarts ZAIDE abschloss. Von 1997 bis\u2026","rel":"","context":"\u00c4hnlicher Beitrag","block_context":{"text":"\u00c4hnlicher Beitrag","link":""},"img":{"alt_text":"","src":"https:\/\/i0.wp.com\/www.joergbehr.de\/wp-content\/uploads\/2017\/11\/JoergBehr.jpg?fit=1200%2C797&ssl=1&resize=350%2C200","width":350,"height":200,"srcset":"https:\/\/i0.wp.com\/www.joergbehr.de\/wp-content\/uploads\/2017\/11\/JoergBehr.jpg?fit=1200%2C797&ssl=1&resize=350%2C200 1x, https:\/\/i0.wp.com\/www.joergbehr.de\/wp-content\/uploads\/2017\/11\/JoergBehr.jpg?fit=1200%2C797&ssl=1&resize=525%2C300 1.5x, https:\/\/i0.wp.com\/www.joergbehr.de\/wp-content\/uploads\/2017\/11\/JoergBehr.jpg?fit=1200%2C797&ssl=1&resize=700%2C400 2x, https:\/\/i0.wp.com\/www.joergbehr.de\/wp-content\/uploads\/2017\/11\/JoergBehr.jpg?fit=1200%2C797&ssl=1&resize=1050%2C600 3x"},"classes":[]},{"id":1514,"url":"https:\/\/www.joergbehr.de\/?page_id=1514","url_meta":{"origin":2318,"position":3},"title":"DER VETTER AUS DINGSDA &#8211; Landestheater Coburg","author":"Schorse","date":"24. Mai 2019","format":false,"excerpt":"\u00a9 Fotos Sebastian Buff und J\u00f6rg Behr https:\/\/www.joergbehr.de\/?page_id=1519 Teaser des Landestheaters Coburg https:\/\/vimeo.com\/334122871 Pressestimmen Bayerischer Rundfunk am 6. Mai 2019 (BR24, BR Klassik) \u201e(\u2026) 1921 schrieb Eduard K\u00fcnneke eine Operette \u00fcber unerf\u00fcllte Sehns\u00fcchte und die Liebe nach dem Unerreichbaren. Am Landestheater Coburg macht J\u00f6rg Behr daraus ein umjubeltes Kammerspiel mit\u2026","rel":"","context":"\u00c4hnlicher Beitrag","block_context":{"text":"\u00c4hnlicher Beitrag","link":""},"img":{"alt_text":"","src":"https:\/\/i0.wp.com\/www.joergbehr.de\/wp-content\/uploads\/2019\/05\/1417_ltc_2019_vetter_aus_dingsda.jpg?fit=1200%2C800&ssl=1&resize=350%2C200","width":350,"height":200,"srcset":"https:\/\/i0.wp.com\/www.joergbehr.de\/wp-content\/uploads\/2019\/05\/1417_ltc_2019_vetter_aus_dingsda.jpg?fit=1200%2C800&ssl=1&resize=350%2C200 1x, https:\/\/i0.wp.com\/www.joergbehr.de\/wp-content\/uploads\/2019\/05\/1417_ltc_2019_vetter_aus_dingsda.jpg?fit=1200%2C800&ssl=1&resize=525%2C300 1.5x, https:\/\/i0.wp.com\/www.joergbehr.de\/wp-content\/uploads\/2019\/05\/1417_ltc_2019_vetter_aus_dingsda.jpg?fit=1200%2C800&ssl=1&resize=700%2C400 2x, https:\/\/i0.wp.com\/www.joergbehr.de\/wp-content\/uploads\/2019\/05\/1417_ltc_2019_vetter_aus_dingsda.jpg?fit=1200%2C800&ssl=1&resize=1050%2C600 3x"},"classes":[]},{"id":1419,"url":"https:\/\/www.joergbehr.de\/?page_id=1419","url_meta":{"origin":2318,"position":4},"title":"Jules Massenet: Le Portrait de Manon &#8211; HMT Leipzig","author":"Schorse","date":"3. Februar 2019","format":false,"excerpt":"\u00a9 Photos: Siegfried Duryn, J\u00f6rg Behr. https:\/\/www.joergbehr.de\/?page_id=1407 Pressestimme: Leipziger Volkszeitung am 25. Januar 2019, Kultur: \u201eProduktionen der Fachrichtung Gesang\/Musiktheater der Hochschule f\u00fcr Musik und Theater \u00bbFelix Mendelssohn Bartholdy\u00ab haben oft \u00dcberraschungspotenzial. Das gilt auch f\u00fcr diese lohnende und \u00fcberraschende Entdeckung (...) aus dem Schaffen des hierzulande str\u00e4flich vernachl\u00e4ssigten Jules Massenet.\u2026","rel":"","context":"\u00c4hnlicher Beitrag","block_context":{"text":"\u00c4hnlicher Beitrag","link":""},"img":{"alt_text":"","src":"https:\/\/i0.wp.com\/www.joergbehr.de\/wp-content\/uploads\/2019\/05\/JRB_0983.jpg?fit=1200%2C801&ssl=1&resize=350%2C200","width":350,"height":200,"srcset":"https:\/\/i0.wp.com\/www.joergbehr.de\/wp-content\/uploads\/2019\/05\/JRB_0983.jpg?fit=1200%2C801&ssl=1&resize=350%2C200 1x, https:\/\/i0.wp.com\/www.joergbehr.de\/wp-content\/uploads\/2019\/05\/JRB_0983.jpg?fit=1200%2C801&ssl=1&resize=525%2C300 1.5x, https:\/\/i0.wp.com\/www.joergbehr.de\/wp-content\/uploads\/2019\/05\/JRB_0983.jpg?fit=1200%2C801&ssl=1&resize=700%2C400 2x, https:\/\/i0.wp.com\/www.joergbehr.de\/wp-content\/uploads\/2019\/05\/JRB_0983.jpg?fit=1200%2C801&ssl=1&resize=1050%2C600 3x"},"classes":[]},{"id":1214,"url":"https:\/\/www.joergbehr.de\/?page_id=1214","url_meta":{"origin":2318,"position":5},"title":"Datenschutzerkl\u00e4rung","author":"Schorse","date":"22. Mai 2018","format":false,"excerpt":"(gem\u00e4\u00df DSGVO) Wer wir sind Die Adresse unserer Website ist: https:\/\/www.joergbehr.de. Kontakt Welche personenbezogenen Daten wir sammeln und warum wir sie sammeln Kommentare Wenn Besucher Kommentare auf der Website schreiben, sammeln wir die Daten, die im Kommentar-Formular angezeigt werden, au\u00dferdem die IP-Adresse des Besuchers und den User-Agent-String (damit wird der\u2026","rel":"","context":"\u00c4hnlicher Beitrag","block_context":{"text":"\u00c4hnlicher Beitrag","link":""},"img":{"alt_text":"","src":"","width":0,"height":0},"classes":[]}],"_links":{"self":[{"href":"https:\/\/www.joergbehr.de\/index.php?rest_route=\/wp\/v2\/pages\/2318","targetHints":{"allow":["GET"]}}],"collection":[{"href":"https:\/\/www.joergbehr.de\/index.php?rest_route=\/wp\/v2\/pages"}],"about":[{"href":"https:\/\/www.joergbehr.de\/index.php?rest_route=\/wp\/v2\/types\/page"}],"author":[{"embeddable":true,"href":"https:\/\/www.joergbehr.de\/index.php?rest_route=\/wp\/v2\/users\/1"}],"replies":[{"embeddable":true,"href":"https:\/\/www.joergbehr.de\/index.php?rest_route=%2Fwp%2Fv2%2Fcomments&post=2318"}],"version-history":[{"count":24,"href":"https:\/\/www.joergbehr.de\/index.php?rest_route=\/wp\/v2\/pages\/2318\/revisions"}],"predecessor-version":[{"id":2424,"href":"https:\/\/www.joergbehr.de\/index.php?rest_route=\/wp\/v2\/pages\/2318\/revisions\/2424"}],"wp:attachment":[{"href":"https:\/\/www.joergbehr.de\/index.php?rest_route=%2Fwp%2Fv2%2Fmedia&parent=2318"}],"curies":[{"name":"wp","href":"https:\/\/api.w.org\/{rel}","templated":true}]}}