{"id":500,"date":"2017-12-06T20:38:36","date_gmt":"2017-12-06T19:38:36","guid":{"rendered":"http:\/\/localhost:8080\/Wordpress\/Schorsologie\/?page_id=500"},"modified":"2017-12-07T17:27:08","modified_gmt":"2017-12-07T16:27:08","slug":"besetzung-anatevka","status":"publish","type":"page","link":"https:\/\/www.joergbehr.de\/?page_id=500","title":{"rendered":"Besetzung Anatevka"},"content":{"rendered":"<h6>Musikalische Leitung:<span style=\"color: #000000;\"> Hans-Georg Wilhelm<\/span>, Inszenierung: <span style=\"color: #000000;\">J\u00f6rg Behr<\/span>, Choreographie: <span style=\"color: #000000;\">Moira Fetterman<\/span>, B\u00fchne und Kost\u00fcme: <span style=\"color: #000000;\">Marc Weeger, <\/span>Dramaturgie<span style=\"color: #000000;\">: Lona Lejeune.<br \/>\n<\/span><\/h6>\n<h6>Mit: <span style=\"color: #000000;\">Sonja Dengler<\/span>, <span style=\"color: #000000;\">Rainer Haring<\/span>, <span style=\"color: #000000;\">Oliver Jacobs<\/span>, <span style=\"color: #000000;\">Nadine Kettler<\/span>,<span style=\"color: #000000;\"> David Liske<\/span>, <span style=\"color: #000000;\">Rosalinde Renn<\/span>, <span style=\"color: #000000;\">Stefan Roschy<\/span>, <span style=\"color: #000000;\">Dimetrio-Giovanni Rupp<\/span>, <span style=\"color: #000000;\">Patrick Schadenberg<\/span>, <span style=\"color: #000000;\">Maria Thomas<\/span>, <span style=\"color: #000000;\">Constanze Weinig<\/span>, <span style=\"color: #000000;\">Berth Wesselmann<\/span>, <span style=\"color: #000000;\">Hans-Georg Wilhelm<\/span>, <span style=\"color: #000000;\">Patrick Wudtke<\/span><\/h6>\n<h6>und den Musikern: <span style=\"color: #000000;\">Friederike Faust<\/span>, <span style=\"color: #000000;\">Mario Fadani<\/span>, <span style=\"color: #000000;\">Alexander Fies<\/span>, <span style=\"color: #000000;\">Jutta Fischer<\/span>, <span style=\"color: #000000;\">Pirmin Ullrich<\/span>, <span style=\"color: #000000;\">Wolfram Wagner<\/span>, <span style=\"color: #000000;\">Bernd Wiedamann<\/span>, <span style=\"color: #000000;\">Otto Zwecker.<\/span><\/h6>\n<h6><span style=\"color: #000000;\">Statisterie des Theaters Baden-Baden<\/span><\/h6>\n","protected":false},"excerpt":{"rendered":"<p>Musikalische Leitung: Hans-Georg Wilhelm, Inszenierung: J\u00f6rg Behr, Choreographie: Moira Fetterman, B\u00fchne und Kost\u00fcme: Marc Weeger, Dramaturgie: Lona Lejeune. Mit: Sonja Dengler, Rainer Haring, Oliver Jacobs, Nadine Kettler, David Liske, Rosalinde Renn, Stefan Roschy, Dimetrio-Giovanni Rupp, Patrick Schadenberg, Maria Thomas, Constanze Weinig, Berth Wesselmann, Hans-Georg Wilhelm, &hellip; <a href=\"https:\/\/www.joergbehr.de\/?page_id=500\" class=\"more-link\"><span>Continue reading<span class=\"screen-reader-text\">Besetzung Anatevka<\/span><\/span><\/a><\/p>\n","protected":false},"author":1,"featured_media":0,"parent":256,"menu_order":0,"comment_status":"closed","ping_status":"closed","template":"","meta":{"jetpack_post_was_ever_published":false,"footnotes":""},"class_list":["post-500","page","type-page","status-publish","hentry"],"jetpack_sharing_enabled":true,"jetpack_shortlink":"https:\/\/wp.me\/P9tc3I-84","jetpack_likes_enabled":true,"jetpack-related-posts":[{"id":694,"url":"https:\/\/www.joergbehr.de\/?page_id=694","url_meta":{"origin":500,"position":0},"title":"Besetzung COSI FAN TUTTE","author":"Schorse","date":"13. Dezember 2017","format":false,"excerpt":"Musikalische Leitung: Georg Pammer, Inszenierung: J\u00f6rg Behr, B\u00fchne und Kost\u00fcme: Sabina Moncys, Dramaturgie: Thomas Fiedler. Fiordiligi: Julie Koch \/ Val\u00e9rie Danesin, Dorabella: Nina d\u2019Angiolella \/ Maria Victoria Haas, \u00a0Despina: Marysol Schalit \/ Catriona B\u00fchler, Ferrando: William Lombardi, Guglielmo: Roger Bucher, Don Alfonso: J\u00e9r\u00e9mie Brocard \/ Pavel Novacki (Mitglieder des Schweizer\u2026","rel":"","context":"\u00c4hnlicher Beitrag","block_context":{"text":"\u00c4hnlicher Beitrag","link":""},"img":{"alt_text":"","src":"","width":0,"height":0},"classes":[]},{"id":67,"url":"https:\/\/www.joergbehr.de\/?page_id=67","url_meta":{"origin":500,"position":1},"title":"Vita","author":"Schorse","date":"27. November 2017","format":false,"excerpt":"J\u00f6rg Behr, geboren in Bremen, studierte w\u00e4hrend der Schulzeit als Jungstudent Violine an der Bremer Hochschule f\u00fcr K\u00fcnste. Nach dem Abitur absolvierte er den Studiengang Musiktheater-Regie in Hamburg (Leitung: G\u00f6tz Friedrich), den er 1997 mit Auszeichnung und der Inszenierung von Luciano Berios Fassung von Mozarts ZAIDE abschloss. Von 1997 bis\u2026","rel":"","context":"\u00c4hnlicher Beitrag","block_context":{"text":"\u00c4hnlicher Beitrag","link":""},"img":{"alt_text":"","src":"https:\/\/i0.wp.com\/www.joergbehr.de\/wp-content\/uploads\/2017\/11\/JoergBehr.jpg?fit=1200%2C797&ssl=1&resize=350%2C200","width":350,"height":200,"srcset":"https:\/\/i0.wp.com\/www.joergbehr.de\/wp-content\/uploads\/2017\/11\/JoergBehr.jpg?fit=1200%2C797&ssl=1&resize=350%2C200 1x, https:\/\/i0.wp.com\/www.joergbehr.de\/wp-content\/uploads\/2017\/11\/JoergBehr.jpg?fit=1200%2C797&ssl=1&resize=525%2C300 1.5x, https:\/\/i0.wp.com\/www.joergbehr.de\/wp-content\/uploads\/2017\/11\/JoergBehr.jpg?fit=1200%2C797&ssl=1&resize=700%2C400 2x, https:\/\/i0.wp.com\/www.joergbehr.de\/wp-content\/uploads\/2017\/11\/JoergBehr.jpg?fit=1200%2C797&ssl=1&resize=1050%2C600 3x"},"classes":[]},{"id":419,"url":"https:\/\/www.joergbehr.de\/?page_id=419","url_meta":{"origin":500,"position":2},"title":"Georg Friedrich H\u00e4ndel: SAUL &#8211; Theater Bielefeld","author":"Schorse","date":"3. Dezember 2017","format":false,"excerpt":"\u00a9 Fotos: Kai-Uwe Schulte-Bunert https:\/\/www.joergbehr.de\/?page_id=542 Pressestimmen: NEUE WESTF\u00c4LISCHE ZEITUNG am 9. Oktober 2012 \u201e(...) Regisseur J\u00f6rg Behr hat Georg Friedrich H\u00e4ndels Oratorium \u201eSaul\u201c und seine biblische Geschichte in die Gegenwart geholt. \u00dcberzeugend lotet er die Figuren, ihre privaten Konflikte und Entwicklungen aus, zeigt aber auch die politische Dimension des Werks\u2026","rel":"","context":"\u00c4hnlicher Beitrag","block_context":{"text":"\u00c4hnlicher Beitrag","link":""},"img":{"alt_text":"","src":"","width":0,"height":0},"classes":[]},{"id":678,"url":"https:\/\/www.joergbehr.de\/?page_id=678","url_meta":{"origin":500,"position":3},"title":"Besetzung DIALOGUES DES CARM\u00c9LITES","author":"Schorse","date":"13. Dezember 2017","format":false,"excerpt":"Musikalische Leitung: Alexander Rumpf, Inszenierung: J\u00f6rg Behr, B\u00fchne: Marc Weeger, Kost\u00fcme: Marc Weeger, Silke Willrett, Dramaturgie: Anna Melcher, Chor: Thomas B\u00f6nisch, Licht: Herbert Jan\u00dfen. Marquis de la Force \/ Ein Offizier: James Bobby, Blanche, seine Tochter: Anja Metzger, Der Chevalier, ihr Bruder \/ Beichtvater: Daniel Ohlmann, Madame de Croissy, Priorin:\u2026","rel":"","context":"\u00c4hnlicher Beitrag","block_context":{"text":"\u00c4hnlicher Beitrag","link":""},"img":{"alt_text":"","src":"","width":0,"height":0},"classes":[]},{"id":84,"url":"https:\/\/www.joergbehr.de\/?page_id=84","url_meta":{"origin":500,"position":4},"title":"Lehre","author":"Schorse","date":"27. November 2017","format":false,"excerpt":"- Seit April 2015 Lehrauftrag Szenischer Unterricht an der Opernschule HfMDK Frankfurt Leitung: Prof. Jan Richard Kehl, Musikalische Leitung: Prof. G\u00fcnther Albers Opernprojekte der HfMDK Frankfurt - Mai\/Juli 2013 Szenische Workshops an der HfM Saar, Saarbr\u00fccken Musikalische Leitung: Prof. Hans-J\u00f6rg Neuner - Okt. 2009 - Aug. 2012 Dozent f\u00fcr Szenische\u2026","rel":"","context":"\u00c4hnlicher Beitrag","block_context":{"text":"\u00c4hnlicher Beitrag","link":""},"img":{"alt_text":"","src":"","width":0,"height":0},"classes":[]},{"id":461,"url":"https:\/\/www.joergbehr.de\/?page_id=461","url_meta":{"origin":500,"position":5},"title":"Euripides: HELENA &#8211; Theater Augsburg","author":"Schorse","date":"4. Dezember 2017","format":false,"excerpt":"\u00a9 Fotos: A.T. Schaefer, Silke Willrett https:\/\/www.joergbehr.de\/?page_id=746 Pressestimme: BAYERISCHE STAATSZEITUNG am 22. Mai 2009 \u201eMarc Weeger und Silke Willrett unterwerfen sich mit ihrer Ausstattung dem Bed\u00fcrfnis einer ideen- und spannungsgeladenen Regie (J\u00f6rg Behr), das ferne Geschehen mit atemberaubend suggestiven, teils subtil melancholischen, teils gewaltt\u00e4tig explodierenden Bildern hereinzuholen in die Gegenwart.\u2026","rel":"","context":"\u00c4hnlicher Beitrag","block_context":{"text":"\u00c4hnlicher Beitrag","link":""},"img":{"alt_text":"","src":"","width":0,"height":0},"classes":[]}],"_links":{"self":[{"href":"https:\/\/www.joergbehr.de\/index.php?rest_route=\/wp\/v2\/pages\/500","targetHints":{"allow":["GET"]}}],"collection":[{"href":"https:\/\/www.joergbehr.de\/index.php?rest_route=\/wp\/v2\/pages"}],"about":[{"href":"https:\/\/www.joergbehr.de\/index.php?rest_route=\/wp\/v2\/types\/page"}],"author":[{"embeddable":true,"href":"https:\/\/www.joergbehr.de\/index.php?rest_route=\/wp\/v2\/users\/1"}],"replies":[{"embeddable":true,"href":"https:\/\/www.joergbehr.de\/index.php?rest_route=%2Fwp%2Fv2%2Fcomments&post=500"}],"version-history":[{"count":7,"href":"https:\/\/www.joergbehr.de\/index.php?rest_route=\/wp\/v2\/pages\/500\/revisions"}],"predecessor-version":[{"id":597,"href":"https:\/\/www.joergbehr.de\/index.php?rest_route=\/wp\/v2\/pages\/500\/revisions\/597"}],"up":[{"embeddable":true,"href":"https:\/\/www.joergbehr.de\/index.php?rest_route=\/wp\/v2\/pages\/256"}],"wp:attachment":[{"href":"https:\/\/www.joergbehr.de\/index.php?rest_route=%2Fwp%2Fv2%2Fmedia&parent=500"}],"curies":[{"name":"wp","href":"https:\/\/api.w.org\/{rel}","templated":true}]}}