{"id":694,"date":"2017-12-13T10:53:36","date_gmt":"2017-12-13T09:53:36","guid":{"rendered":"http:\/\/localhost:8080\/Wordpress\/Schorsologie\/?page_id=694"},"modified":"2017-12-13T10:53:36","modified_gmt":"2017-12-13T09:53:36","slug":"besetzung-cosi-fan-tutte","status":"publish","type":"page","link":"https:\/\/www.joergbehr.de\/?page_id=694","title":{"rendered":"Besetzung COSI FAN TUTTE"},"content":{"rendered":"<h6>Musikalische Leitung:<span style=\"color: #000000;\"> Georg Pammer<\/span>, Inszenierung:<span style=\"color: #000000;\"> J\u00f6rg Behr<\/span>, B\u00fchne und Kost\u00fcme: <span style=\"color: #000000;\">Sabina Moncys<\/span>, Dramaturgie: <span style=\"color: #000000;\">Thomas Fiedler<\/span>.<\/h6>\n<h6><\/h6>\n<h6>Fiordiligi:<span style=\"color: #000000;\"> Julie Koch<\/span> \/ <span style=\"color: #000000;\">Val\u00e9rie Danesin<\/span>, Dorabella: <span style=\"color: #000000;\">Nina d\u2019Angiolella<\/span> \/ <span style=\"color: #000000;\">Maria Victoria Haas<\/span>, \u00a0Despina: <span style=\"color: #000000;\">Marysol Schalit<\/span> \/ <span style=\"color: #000000;\">Catriona B\u00fchler<\/span>, Ferrando: <span style=\"color: #000000;\">William Lombardi<\/span>, Guglielmo: <span style=\"color: #000000;\">Roger Bucher<\/span>, Don Alfonso: <span style=\"color: #000000;\">J\u00e9r\u00e9mie Brocard<\/span> \/ <span style=\"color: #000000;\">Pavel Novacki<\/span> (Mitglieder des Schweizer Operstudios)<\/h6>\n<h6>Ferrando Double: <span style=\"color: #000000;\">Lukas Schneider<\/span>, Guglielmo Double: <span style=\"color: #000000;\">Christoph Rothenbuchner<\/span>.<\/h6>\n<h6><span style=\"color: #000000;\">Orchester der Hochschule f\u00fcr K\u00fcnste Bern<\/span>.<\/h6>\n","protected":false},"excerpt":{"rendered":"<p>Musikalische Leitung: Georg Pammer, Inszenierung: J\u00f6rg Behr, B\u00fchne und Kost\u00fcme: Sabina Moncys, Dramaturgie: Thomas Fiedler. Fiordiligi: Julie Koch \/ Val\u00e9rie Danesin, Dorabella: Nina d\u2019Angiolella \/ Maria Victoria Haas, \u00a0Despina: Marysol Schalit \/ Catriona B\u00fchler, Ferrando: William Lombardi, Guglielmo: Roger Bucher, Don Alfonso: J\u00e9r\u00e9mie Brocard \/ &hellip; <a href=\"https:\/\/www.joergbehr.de\/?page_id=694\" class=\"more-link\"><span>Continue reading<span class=\"screen-reader-text\">Besetzung COSI FAN TUTTE<\/span><\/span><\/a><\/p>\n","protected":false},"author":1,"featured_media":0,"parent":429,"menu_order":0,"comment_status":"closed","ping_status":"closed","template":"","meta":{"jetpack_post_was_ever_published":false,"footnotes":""},"class_list":["post-694","page","type-page","status-publish","hentry"],"jetpack_sharing_enabled":true,"jetpack_shortlink":"https:\/\/wp.me\/P9tc3I-bc","jetpack_likes_enabled":true,"jetpack-related-posts":[],"_links":{"self":[{"href":"https:\/\/www.joergbehr.de\/index.php?rest_route=\/wp\/v2\/pages\/694","targetHints":{"allow":["GET"]}}],"collection":[{"href":"https:\/\/www.joergbehr.de\/index.php?rest_route=\/wp\/v2\/pages"}],"about":[{"href":"https:\/\/www.joergbehr.de\/index.php?rest_route=\/wp\/v2\/types\/page"}],"author":[{"embeddable":true,"href":"https:\/\/www.joergbehr.de\/index.php?rest_route=\/wp\/v2\/users\/1"}],"replies":[{"embeddable":true,"href":"https:\/\/www.joergbehr.de\/index.php?rest_route=%2Fwp%2Fv2%2Fcomments&post=694"}],"version-history":[{"count":1,"href":"https:\/\/www.joergbehr.de\/index.php?rest_route=\/wp\/v2\/pages\/694\/revisions"}],"predecessor-version":[{"id":695,"href":"https:\/\/www.joergbehr.de\/index.php?rest_route=\/wp\/v2\/pages\/694\/revisions\/695"}],"up":[{"embeddable":true,"href":"https:\/\/www.joergbehr.de\/index.php?rest_route=\/wp\/v2\/pages\/429"}],"wp:attachment":[{"href":"https:\/\/www.joergbehr.de\/index.php?rest_route=%2Fwp%2Fv2%2Fmedia&parent=694"}],"curies":[{"name":"wp","href":"https:\/\/api.w.org\/{rel}","templated":true}]}}

<h6>Musikalische Leitung:<span style="color: #000000;"> Georg Pammer</span>, Inszenierung:<span style="color: #000000;"> Jörg Behr</span>, Bühne und Kostüme: <span style="color: #000000;">Sabina Moncys</span>, Dramaturgie: <span style="color: #000000;">Thomas Fiedler</span>.</h6>
<h6></h6>
<h6>Fiordiligi:<span style="color: #000000;"> Julie Koch</span> / <span style="color: #000000;">Valérie Danesin</span>, Dorabella: <span style="color: #000000;">Nina d’Angiolella</span> / <span style="color: #000000;">Maria Victoria Haas</span>,  Despina: <span style="color: #000000;">Marysol Schalit</span> / <span style="color: #000000;">Catriona Bühler</span>, Ferrando: <span style="color: #000000;">William Lombardi</span>, Guglielmo: <span style="color: #000000;">Roger Bucher</span>, Don Alfonso: <span style="color: #000000;">Jérémie Brocard</span> / <span style="color: #000000;">Pavel Novacki</span> (Mitglieder des Schweizer Operstudios)</h6>
<h6>Ferrando Double: <span style="color: #000000;">Lukas Schneider</span>, Guglielmo Double: <span style="color: #000000;">Christoph Rothenbuchner</span>.</h6>
<h6><span style="color: #000000;">Orchester der Hochschule für Künste Bern</span>.</h6>

<p>Musikalische Leitung: Georg Pammer, Inszenierung: Jörg Behr, Bühne und Kostüme: Sabina Moncys, Dramaturgie: Thomas Fiedler. Fiordiligi: Julie Koch / Valérie Danesin, Dorabella: Nina d’Angiolella / Maria Victoria Haas,  Despina: Marysol Schalit / Catriona Bühler, Ferrando: William Lombardi, Guglielmo: Roger Bucher, Don Alfonso: Jérémie Brocard / &hellip; <a href="https://www.joergbehr.de/?page_id=694" class="more-link"><span>Continue reading<span class="screen-reader-text">Besetzung COSI FAN TUTTE</span></span></a></p>
