{"id":83,"date":"2017-11-27T19:45:21","date_gmt":"2017-11-27T18:45:21","guid":{"rendered":"http:\/\/localhost:8080\/Wordpress\/Schorsologie\/?page_id=83"},"modified":"2021-02-05T19:16:22","modified_gmt":"2021-02-05T18:16:22","slug":"kontakt","status":"publish","type":"page","link":"https:\/\/www.joergbehr.de\/?page_id=83","title":{"rendered":"Kontakt"},"content":{"rendered":"<h4 class=\"widget-title\" style=\"text-align: center;\"><strong>und Angaben gem\u00e4\u00df \u00a75 TMG<\/strong><\/h4>\n<h4>IMPRESSUM<\/h4>\n<p><strong>Verantwortlicher:<\/strong><\/p>\n<h4><strong><a href=\"https:\/\/wp.me\/P9tc3I-15\">J\u00f6rg Behr<\/a> \u00b7 M\u00f6hringer Stra\u00dfe 60\u00a0\u00b7 D-70199 Stuttgart <\/strong><strong>\u00b7 <\/strong><strong>Germany<br \/>\n<\/strong><\/h4>\n<p>Telefonnummer: <strong>+49 179 1390509<\/strong><br \/>\n<span style=\"color: #333300;\">E-Mail: <strong><a href=\"mailto:j&#111;&#101;&#114;&#103;&#46;&#98;&#101;&#104;&#114;&#64;&#x77;&#x65;&#x62;&#x2e;&#x64;&#x65;\">&#106;&#x6f;e&#114;&#x67;&#46;&#98;&#x65;h&#114;&#x40;w&#101;&#x62;&#46;&#100;&#x65;<\/a><\/strong><\/span><\/p>\n<hr \/>\n<p><strong>Quellenangabe f\u00fcr verwendete Bilder:\u00a0<\/strong> Sebastian Buff \u00b7 Siegfried Duryn \u00b7 Andreas J. Etter \u00b7 Bj\u00f6rn Hadem \u00b7 Christoph Kalscheuer \u00b7 Jochen Klenk \u00b7 Maurice Korbel \u00b7 Sabina Moncys \u00b7 Beatrix von Pilgrim \u00b7 Ronny Ristok \u00b7 Peer Rudolph \u00b7 Nik Sch\u00f6lzel \u00b7 Matthias Stutte \u00b7\u00a0 Silke Willrett \u00b7\u00a0 J\u00f6rg Behr.<\/p>\n<hr \/>\n<p><strong>Urheberrecht<\/strong><br \/>\nDie durch die Seitenbetreiber erstellten bzw. verwendeten Inhalte und Werke auf diesen Seiten unterliegen dem deutschen Urheberrecht. Die Vervielf\u00e4ltigung, Bearbeitung, Verbreitung und jede Art der Verwertung au\u00dferhalb der Grenzen des Urheberrechtes bed\u00fcrfen der Zustimmung des jeweiligen Autors bzw. Erstellers. Downloads und Kopien dieser Seite sind nur f\u00fcr den privaten, nicht kommerziellen Gebrauch gestattet. Soweit die Inhalte auf dieser Seite nicht vom Betreiber erstellt wurden, werden die Urheberrechte Dritter beachtet. Insbesondere werden Inhalte Dritter als solche gekennzeichnet. Sollten Sie trotzdem auf eine Urheberrechtsverletzung aufmerksam werden, bitte ich um einen entsprechenden Hinweis. Bei Bekanntwerden von Rechtsverletzungen werde ich derartige Inhalte umgehend entfernen.<\/p>\n<hr \/>\n<p><a href=\"https:\/\/www.joergbehr.de\/?page_id=1214\"><strong>Datenschutz<\/strong><\/a><\/p>\n<hr \/>\n<p>F\u00fcr die Gestaltung dieser Website habe ich als Vorlage &#8222;<a href=\"https:\/\/catchthemes.com\/\">Fotografie&#8220; von catchthemes<\/a> verwendet und angepasst.<\/p>\n","protected":false},"excerpt":{"rendered":"<p>und Angaben gem\u00e4\u00df \u00a75 TMG IMPRESSUM Verantwortlicher: J\u00f6rg Behr \u00b7 M\u00f6hringer Stra\u00dfe 60\u00a0\u00b7 D-70199 Stuttgart \u00b7 Germany Telefonnummer: +49 179 1390509 E-Mail: j&#111;&#x65;&#x72;&#x67;&#46;&#98;&#101;&#x68;&#x72;&#64;&#119;&#101;&#x62;&#x2e;de Quellenangabe f\u00fcr verwendete Bilder:\u00a0 Sebastian Buff \u00b7 Siegfried Duryn \u00b7 Andreas J. Etter \u00b7 Bj\u00f6rn Hadem \u00b7 Christoph Kalscheuer \u00b7 Jochen Klenk &hellip; <a href=\"https:\/\/www.joergbehr.de\/?page_id=83\" class=\"more-link\"><span>Continue reading<span class=\"screen-reader-text\">Kontakt<\/span><\/span><\/a><\/p>\n","protected":false},"author":1,"featured_media":0,"parent":0,"menu_order":4,"comment_status":"closed","ping_status":"closed","template":"","meta":{"jetpack_post_was_ever_published":false,"footnotes":""},"class_list":["post-83","page","type-page","status-publish","hentry"],"jetpack_sharing_enabled":true,"jetpack_shortlink":"https:\/\/wp.me\/P9tc3I-1l","jetpack_likes_enabled":true,"jetpack-related-posts":[{"id":441,"url":"https:\/\/www.joergbehr.de\/?page_id=441","url_meta":{"origin":83,"position":0},"title":"Bruno Maderna: HYPERION &#8211; Theater Freiburg","author":"Schorse","date":"3. Dezember 2017","format":false,"excerpt":"\u00a9 Fotos: Beatrix von Pilgrim https:\/\/www.joergbehr.de\/?page_id=779 AUSGEZEICHNET MIT DEM G\u00d6TZ FRIEDRICH PREIS 2002 Pressestimmen: OPERNWELT Februar 2001 \u201eNoch nie wohl hat ein Regisseur H\u00f6lderlins Hyperion in einen so konkreten Kontext gebracht wie J\u00f6rg Behr in Freiburg. Mit Erfolg, dies sei vorweggenommen. Denn die Breisgauer Umsetzung von Madernas \u00abLirica in forma\u2026","rel":"","context":"\u00c4hnlicher Beitrag","block_context":{"text":"\u00c4hnlicher Beitrag","link":""},"img":{"alt_text":"","src":"","width":0,"height":0},"classes":[]},{"id":456,"url":"https:\/\/www.joergbehr.de\/?page_id=456","url_meta":{"origin":83,"position":1},"title":"W. A. Mozart: DIE ENTF\u00dcHRUNG AUS DEM SERAIL &#8211; Theater Osnabr\u00fcck","author":"Schorse","date":"4. Dezember 2017","format":false,"excerpt":"\u00a9Fotos: Peer Rudolph https:\/\/www.joergbehr.de\/?page_id=655 Pressestimmen: OPERNNETZ.DE, 20. Mai 2007 \u201eDie \u201eEntf\u00fchrung\u201c ein harmloses Singspiel \u00fcber den Zusammensto\u00df der Kulturen? In einer au\u00dferordentlich konsequent reflektierten Inszenierung von J\u00f6rg Behr wird mit diesem Klischee Schluss gemacht. Die Frauen verlassen ihre Liebhaber, geraten in eine Welt bislang offenbar unerf\u00fcllter sexueller Angebote, erleben das\u2026","rel":"","context":"\u00c4hnlicher Beitrag","block_context":{"text":"\u00c4hnlicher Beitrag","link":""},"img":{"alt_text":"","src":"","width":0,"height":0},"classes":[]},{"id":1514,"url":"https:\/\/www.joergbehr.de\/?page_id=1514","url_meta":{"origin":83,"position":2},"title":"DER VETTER AUS DINGSDA &#8211; Landestheater Coburg","author":"Schorse","date":"24. Mai 2019","format":false,"excerpt":"\u00a9 Fotos Sebastian Buff und J\u00f6rg Behr https:\/\/www.joergbehr.de\/?page_id=1519 Teaser des Landestheaters Coburg https:\/\/vimeo.com\/334122871 Pressestimmen Bayerischer Rundfunk am 6. Mai 2019 (BR24, BR Klassik) \u201e(\u2026) 1921 schrieb Eduard K\u00fcnneke eine Operette \u00fcber unerf\u00fcllte Sehns\u00fcchte und die Liebe nach dem Unerreichbaren. Am Landestheater Coburg macht J\u00f6rg Behr daraus ein umjubeltes Kammerspiel mit\u2026","rel":"","context":"\u00c4hnlicher Beitrag","block_context":{"text":"\u00c4hnlicher Beitrag","link":""},"img":{"alt_text":"","src":"https:\/\/i0.wp.com\/www.joergbehr.de\/wp-content\/uploads\/2019\/05\/1417_ltc_2019_vetter_aus_dingsda.jpg?fit=1200%2C800&ssl=1&resize=350%2C200","width":350,"height":200,"srcset":"https:\/\/i0.wp.com\/www.joergbehr.de\/wp-content\/uploads\/2019\/05\/1417_ltc_2019_vetter_aus_dingsda.jpg?fit=1200%2C800&ssl=1&resize=350%2C200 1x, https:\/\/i0.wp.com\/www.joergbehr.de\/wp-content\/uploads\/2019\/05\/1417_ltc_2019_vetter_aus_dingsda.jpg?fit=1200%2C800&ssl=1&resize=525%2C300 1.5x, https:\/\/i0.wp.com\/www.joergbehr.de\/wp-content\/uploads\/2019\/05\/1417_ltc_2019_vetter_aus_dingsda.jpg?fit=1200%2C800&ssl=1&resize=700%2C400 2x, https:\/\/i0.wp.com\/www.joergbehr.de\/wp-content\/uploads\/2019\/05\/1417_ltc_2019_vetter_aus_dingsda.jpg?fit=1200%2C800&ssl=1&resize=1050%2C600 3x"},"classes":[]},{"id":67,"url":"https:\/\/www.joergbehr.de\/?page_id=67","url_meta":{"origin":83,"position":3},"title":"Vita","author":"Schorse","date":"27. November 2017","format":false,"excerpt":"J\u00f6rg Behr, geboren in Bremen, studierte w\u00e4hrend der Schulzeit als Jungstudent Violine an der Bremer Hochschule f\u00fcr K\u00fcnste. Nach dem Abitur absolvierte er den Studiengang Musiktheater-Regie in Hamburg (Leitung: G\u00f6tz Friedrich), den er 1997 mit Auszeichnung und der Inszenierung von Luciano Berios Fassung von Mozarts ZAIDE abschloss. Von 1997 bis\u2026","rel":"","context":"\u00c4hnlicher Beitrag","block_context":{"text":"\u00c4hnlicher Beitrag","link":""},"img":{"alt_text":"","src":"https:\/\/i0.wp.com\/www.joergbehr.de\/wp-content\/uploads\/2017\/11\/JoergBehr.jpg?fit=1200%2C797&ssl=1&resize=350%2C200","width":350,"height":200,"srcset":"https:\/\/i0.wp.com\/www.joergbehr.de\/wp-content\/uploads\/2017\/11\/JoergBehr.jpg?fit=1200%2C797&ssl=1&resize=350%2C200 1x, https:\/\/i0.wp.com\/www.joergbehr.de\/wp-content\/uploads\/2017\/11\/JoergBehr.jpg?fit=1200%2C797&ssl=1&resize=525%2C300 1.5x, https:\/\/i0.wp.com\/www.joergbehr.de\/wp-content\/uploads\/2017\/11\/JoergBehr.jpg?fit=1200%2C797&ssl=1&resize=700%2C400 2x, https:\/\/i0.wp.com\/www.joergbehr.de\/wp-content\/uploads\/2017\/11\/JoergBehr.jpg?fit=1200%2C797&ssl=1&resize=1050%2C600 3x"},"classes":[]},{"id":707,"url":"https:\/\/www.joergbehr.de\/?page_id=707","url_meta":{"origin":83,"position":4},"title":"Besetzung DIE GESCHICHTE VOM SOLDATEN","author":"Schorse","date":"13. Dezember 2017","format":false,"excerpt":"Musikalische Leitung: Giuliano Betta, Inszenierung: J\u00f6rg Behr, B\u00fchne und Kost\u00fcme: Silke Willrett und Marc Weeger, Dramaturgie: Ulrike Aistleitner. Der Soldat: Markus Heinrich, Der Teufel: Kerstin Brix, Die Prinzessin: Jeanette Wernecke. Niederrheinische Sinfoniker.","rel":"","context":"\u00c4hnlicher Beitrag","block_context":{"text":"\u00c4hnlicher Beitrag","link":""},"img":{"alt_text":"","src":"","width":0,"height":0},"classes":[]},{"id":256,"url":"https:\/\/www.joergbehr.de\/?page_id=256","url_meta":{"origin":83,"position":5},"title":"Jerry Bock: ANATEVKA &#8211; Theater Baden-Baden","author":"Schorse","date":"16. Dezember 2017","format":false,"excerpt":"\u00a9 Fotos: Jochen Klenk https:\/\/www.joergbehr.de\/?page_id=500 Pressestimmen: BADISCHES TAGBLATT am 24. Oktober 2016 \u201eJ\u00f6rg Behrs Musicalinszenierung \u201eAnatevka\u201c am Theater Baden-Baden anr\u00fchrend und mitrei\u00dfend (...) J\u00f6rg Behr begreift den Stoff \u00fcber Verfolgung, Vertreibung, das Leiden an Traditions- und Identit\u00e4tsverlust, als anspielungsreichen R\u00fcckblick aus dem Wissen des Holocausts heraus - den die kleine\u2026","rel":"","context":"\u00c4hnlicher Beitrag","block_context":{"text":"\u00c4hnlicher Beitrag","link":""},"img":{"alt_text":"","src":"https:\/\/i0.wp.com\/www.joergbehr.de\/wp-content\/uploads\/2017\/11\/anatevka_gp_076_-1.jpg?fit=1200%2C800&ssl=1&resize=350%2C200","width":350,"height":200,"srcset":"https:\/\/i0.wp.com\/www.joergbehr.de\/wp-content\/uploads\/2017\/11\/anatevka_gp_076_-1.jpg?fit=1200%2C800&ssl=1&resize=350%2C200 1x, https:\/\/i0.wp.com\/www.joergbehr.de\/wp-content\/uploads\/2017\/11\/anatevka_gp_076_-1.jpg?fit=1200%2C800&ssl=1&resize=525%2C300 1.5x, https:\/\/i0.wp.com\/www.joergbehr.de\/wp-content\/uploads\/2017\/11\/anatevka_gp_076_-1.jpg?fit=1200%2C800&ssl=1&resize=700%2C400 2x, https:\/\/i0.wp.com\/www.joergbehr.de\/wp-content\/uploads\/2017\/11\/anatevka_gp_076_-1.jpg?fit=1200%2C800&ssl=1&resize=1050%2C600 3x"},"classes":[]}],"_links":{"self":[{"href":"https:\/\/www.joergbehr.de\/index.php?rest_route=\/wp\/v2\/pages\/83","targetHints":{"allow":["GET"]}}],"collection":[{"href":"https:\/\/www.joergbehr.de\/index.php?rest_route=\/wp\/v2\/pages"}],"about":[{"href":"https:\/\/www.joergbehr.de\/index.php?rest_route=\/wp\/v2\/types\/page"}],"author":[{"embeddable":true,"href":"https:\/\/www.joergbehr.de\/index.php?rest_route=\/wp\/v2\/users\/1"}],"replies":[{"embeddable":true,"href":"https:\/\/www.joergbehr.de\/index.php?rest_route=%2Fwp%2Fv2%2Fcomments&post=83"}],"version-history":[{"count":35,"href":"https:\/\/www.joergbehr.de\/index.php?rest_route=\/wp\/v2\/pages\/83\/revisions"}],"predecessor-version":[{"id":1945,"href":"https:\/\/www.joergbehr.de\/index.php?rest_route=\/wp\/v2\/pages\/83\/revisions\/1945"}],"wp:attachment":[{"href":"https:\/\/www.joergbehr.de\/index.php?rest_route=%2Fwp%2Fv2%2Fmedia&parent=83"}],"curies":[{"name":"wp","href":"https:\/\/api.w.org\/{rel}","templated":true}]}}

<h4 class="widget-title" style="text-align: center;"><strong>und Angaben gemäß §5 TMG</strong></h4>
<h4>IMPRESSUM</h4>
<p><strong>Verantwortlicher:</strong></p>
<h4><strong><a href="https://wp.me/P9tc3I-15">Jörg Behr</a> · Möhringer Straße 60 · D-70199 Stuttgart </strong><strong>· </strong><strong>Germany<br />
</strong></h4>
<p>Telefonnummer: <strong>+49 179 1390509</strong><br />
<span style="color: #333300;">E-Mail: <strong><a href="mailto:j&#111;&#101;&#114;&#103;&#46;&#98;&#101;&#104;&#114;&#64;&#x77;&#x65;&#x62;&#x2e;&#x64;&#x65;">&#106;&#x6f;e&#114;&#x67;&#46;&#98;&#x65;h&#114;&#x40;w&#101;&#x62;&#46;&#100;&#x65;</a></strong></span></p>
<hr />
<p><strong>Quellenangabe für verwendete Bilder: </strong> Sebastian Buff · Siegfried Duryn · Andreas J. Etter · Björn Hadem · Christoph Kalscheuer · Jochen Klenk · Maurice Korbel · Sabina Moncys · Beatrix von Pilgrim · Ronny Ristok · Peer Rudolph · Nik Schölzel · Matthias Stutte ·  Silke Willrett ·  Jörg Behr.</p>
<hr />
<p><strong>Urheberrecht</strong><br />
Die durch die Seitenbetreiber erstellten bzw. verwendeten Inhalte und Werke auf diesen Seiten unterliegen dem deutschen Urheberrecht. Die Vervielfältigung, Bearbeitung, Verbreitung und jede Art der Verwertung außerhalb der Grenzen des Urheberrechtes bedürfen der Zustimmung des jeweiligen Autors bzw. Erstellers. Downloads und Kopien dieser Seite sind nur für den privaten, nicht kommerziellen Gebrauch gestattet. Soweit die Inhalte auf dieser Seite nicht vom Betreiber erstellt wurden, werden die Urheberrechte Dritter beachtet. Insbesondere werden Inhalte Dritter als solche gekennzeichnet. Sollten Sie trotzdem auf eine Urheberrechtsverletzung aufmerksam werden, bitte ich um einen entsprechenden Hinweis. Bei Bekanntwerden von Rechtsverletzungen werde ich derartige Inhalte umgehend entfernen.</p>
<hr />
<p><a href="https://www.joergbehr.de/?page_id=1214"><strong>Datenschutz</strong></a></p>
<hr />
<p>Für die Gestaltung dieser Website habe ich als Vorlage &#8222;<a href="https://catchthemes.com/">Fotografie&#8220; von catchthemes</a> verwendet und angepasst.</p>

<p>und Angaben gemäß §5 TMG IMPRESSUM Verantwortlicher: Jörg Behr · Möhringer Straße 60 · D-70199 Stuttgart · Germany Telefonnummer: +49 179 1390509 E-Mail: j&#111;&#x65;&#x72;&#x67;&#46;&#98;&#101;&#x68;&#x72;&#64;&#119;&#101;&#x62;&#x2e;de Quellenangabe für verwendete Bilder:  Sebastian Buff · Siegfried Duryn · Andreas J. Etter · Björn Hadem · Christoph Kalscheuer · Jochen Klenk &hellip; <a href="https://www.joergbehr.de/?page_id=83" class="more-link"><span>Continue reading<span class="screen-reader-text">Kontakt</span></span></a></p>

© Fotos: Beatrix von Pilgrim https://www.joergbehr.de/?page_id=779 AUSGEZEICHNET MIT DEM GÖTZ FRIEDRICH PREIS 2002 Pressestimmen: OPERNWELT Februar 2001 „Noch nie wohl hat ein Regisseur Hölderlins Hyperion in einen so konkreten Kontext gebracht wie Jörg Behr in Freiburg. Mit Erfolg, dies sei vorweggenommen. Denn die Breisgauer Umsetzung von Madernas «Lirica in forma…

Ähnlicher Beitrag

W. A. Mozart: DIE ENTFÜHRUNG AUS DEM SERAIL &#8211; Theater Osnabrück

©Fotos: Peer Rudolph https://www.joergbehr.de/?page_id=655 Pressestimmen: OPERNNETZ.DE, 20. Mai 2007 „Die „Entführung“ ein harmloses Singspiel über den Zusammenstoß der Kulturen? In einer außerordentlich konsequent reflektierten Inszenierung von Jörg Behr wird mit diesem Klischee Schluss gemacht. Die Frauen verlassen ihre Liebhaber, geraten in eine Welt bislang offenbar unerfüllter sexueller Angebote, erleben das…

© Fotos Sebastian Buff und Jörg Behr https://www.joergbehr.de/?page_id=1519 Teaser des Landestheaters Coburg https://vimeo.com/334122871 Pressestimmen Bayerischer Rundfunk am 6. Mai 2019 (BR24, BR Klassik) „(…) 1921 schrieb Eduard Künneke eine Operette über unerfüllte Sehnsüchte und die Liebe nach dem Unerreichbaren. Am Landestheater Coburg macht Jörg Behr daraus ein umjubeltes Kammerspiel mit…

Jörg Behr, geboren in Bremen, studierte während der Schulzeit als Jungstudent Violine an der Bremer Hochschule für Künste. Nach dem Abitur absolvierte er den Studiengang Musiktheater-Regie in Hamburg (Leitung: Götz Friedrich), den er 1997 mit Auszeichnung und der Inszenierung von Luciano Berios Fassung von Mozarts ZAIDE abschloss. Von 1997 bis…

Musikalische Leitung: Giuliano Betta, Inszenierung: Jörg Behr, Bühne und Kostüme: Silke Willrett und Marc Weeger, Dramaturgie: Ulrike Aistleitner. Der Soldat: Markus Heinrich, Der Teufel: Kerstin Brix, Die Prinzessin: Jeanette Wernecke. Niederrheinische Sinfoniker.

© Fotos: Jochen Klenk https://www.joergbehr.de/?page_id=500 Pressestimmen: BADISCHES TAGBLATT am 24. Oktober 2016 „Jörg Behrs Musicalinszenierung „Anatevka“ am Theater Baden-Baden anrührend und mitreißend (...) Jörg Behr begreift den Stoff über Verfolgung, Vertreibung, das Leiden an Traditions- und Identitätsverlust, als anspielungsreichen Rückblick aus dem Wissen des Holocausts heraus - den die kleine…
