{"id":84,"date":"2017-11-27T19:45:21","date_gmt":"2017-11-27T18:45:21","guid":{"rendered":"http:\/\/localhost:8080\/Wordpress\/Schorsologie\/?page_id=84"},"modified":"2022-07-18T07:04:00","modified_gmt":"2022-07-18T05:04:00","slug":"lehre","status":"publish","type":"page","link":"https:\/\/www.joergbehr.de\/?page_id=84","title":{"rendered":"Lehre"},"content":{"rendered":"<h3 style=\"padding-left: 30px; text-align: right;\"><strong>&#8211; Seit April 2015 Lehrauftrag Szenischer Unterricht an der Opernschule HfMDK Frankfurt<\/strong><\/h3>\n<p style=\"padding-left: 60px; text-align: right;\">Leitung: Prof. Jan Richard Kehl, Musikalische Leitung: Prof. G\u00fcnther Albers<\/p>\n<p style=\"text-align: right;\"><a href=\"https:\/\/www.hfmdk-frankfurt.de\/news\/szene-projekte-der-gesangs-abteilung-im-ws-202122\">Opernprojekte der HfMDK Frankfurt<\/a><\/p>\n<h3 style=\"padding-left: 30px; text-align: right;\"><strong>&#8211; Mai\/Juli 2013 Szenische Workshops an der HfM Saar, Saarbr\u00fccken<\/strong><\/h3>\n<p style=\"padding-left: 60px; text-align: right;\">Musikalische Leitung: Prof. Hans-J\u00f6rg Neuner<\/p>\n<h3 style=\"padding-left: 30px; text-align: right;\"><strong>&#8211; Okt. 2009 &#8211; Aug. 2012 Dozent f\u00fcr Szenische Grundausbildung mit <\/strong><strong>Leitung der Opernschule <\/strong><strong>am Leopold-Mozart-Zentrum der Universit\u00e4t Augsburg <\/strong><\/h3>\n<p style=\"padding-left: 60px; text-align: right;\">Musikalische Leitung: Andreas Ruppert<\/p>\n","protected":false},"excerpt":{"rendered":"<p>&#8211; Seit April 2015 Lehrauftrag Szenischer Unterricht an der Opernschule HfMDK Frankfurt Leitung: Prof. Jan Richard Kehl, Musikalische Leitung: Prof. G\u00fcnther Albers Opernprojekte der HfMDK Frankfurt &#8211; Mai\/Juli 2013 Szenische Workshops an der HfM Saar, Saarbr\u00fccken Musikalische Leitung: Prof. Hans-J\u00f6rg Neuner &#8211; Okt. 2009 &#8211; &hellip; <a href=\"https:\/\/www.joergbehr.de\/?page_id=84\" class=\"more-link\"><span>Continue reading<span class=\"screen-reader-text\">Lehre<\/span><\/span><\/a><\/p>\n","protected":false},"author":1,"featured_media":0,"parent":0,"menu_order":2,"comment_status":"closed","ping_status":"closed","template":"","meta":{"jetpack_post_was_ever_published":false,"footnotes":""},"class_list":["post-84","page","type-page","status-publish","hentry"],"jetpack_sharing_enabled":true,"jetpack_shortlink":"https:\/\/wp.me\/P9tc3I-1m","jetpack_likes_enabled":true,"jetpack-related-posts":[{"id":2158,"url":"https:\/\/www.joergbehr.de\/?page_id=2158","url_meta":{"origin":84,"position":0},"title":"Besetzung H\u00e4ndel SERSE","author":"Schorse","date":"16. Februar 2022","format":false,"excerpt":"Musikalische Leitung: Eva Maria Pollerus \u00b7\u00a0Inszenierung: J\u00f6rg Behr \u00b7 B\u00fchne: Andreas Wilkens \u00b7 Kost\u00fcme: Natalie Krautkr\u00e4mer Serse: Annemarie Pfahler \/ Maria Zibert \u00b7 Arsamene: Gu\u00e9naelle Moerth \/ Mascha Melts \u00b7 Romilda: Suh Yoon Chang \/ Geonhee Kim \u00b7 Amastre: Milena Haunhorst \u00b7 Elviro: Maximilian Schmitt \u00b7 (Alle Darsteller*innen Studierende des\u2026","rel":"","context":"\u00c4hnlicher Beitrag","block_context":{"text":"\u00c4hnlicher Beitrag","link":""},"img":{"alt_text":"","src":"","width":0,"height":0},"classes":[]},{"id":1095,"url":"https:\/\/www.joergbehr.de\/?page_id=1095","url_meta":{"origin":84,"position":1},"title":"Besetzung SELBSTHILFEGRUPPE GIOVANNI","author":"Schorse","date":"10. Februar 2018","format":false,"excerpt":"Musikalische Leitung: G\u00fcnther Albers,\u00a0 Regie: J\u00f6rg Behr, B\u00fchne: Andreas Wilkens, Kost\u00fcme: Natalie Krautkr\u00e4mer. Giovanni: Fr\u00e9d\u00e9ric Moerth \/ Kanghyuk Lee,\u00a0 Leporello: Doheon Kim, Anna: Andrea Cueva Molnar, Elvira: Rebekka Stolz, Zerlina: Florentine Schumacher, Masetto: Florian Conze, Ottavio: Florian L\u00f6ffler, Komtur: Seung Won Choi. Instrumentalisten aus Studierenden der HfMDK Frankfurt, Klavier: Irina\u2026","rel":"","context":"\u00c4hnlicher Beitrag","block_context":{"text":"\u00c4hnlicher Beitrag","link":""},"img":{"alt_text":"","src":"","width":0,"height":0},"classes":[]},{"id":2151,"url":"https:\/\/www.joergbehr.de\/?page_id=2151","url_meta":{"origin":84,"position":2},"title":"H\u00e4ndel SERSE (XERXES) \u2013 HfMDK Frankurt","author":"Schorse","date":"16. Februar 2022","format":false,"excerpt":"https:\/\/www.joergbehr.de\/?page_id=2158 Wirklich ein Fest sind die Premieren meiner Inszenierung von H\u00e4ndel SERSE letzten Freitag, dem 4. Februar 2022, gewesen - wie Eva-Maria Pollerus, die Musikalische Leiterin von SERSE und Leiterin des Instituts f\u00fcr Historische Auff\u00fchrungspraxis in der \"Frankfurter Schule\", der HfMDK Frankfurt - hinterher so treffend sagte: Wir konnten beide\u2026","rel":"","context":"\u00c4hnlicher Beitrag","block_context":{"text":"\u00c4hnlicher Beitrag","link":""},"img":{"alt_text":"","src":"https:\/\/i0.wp.com\/www.joergbehr.de\/wp-content\/uploads\/2022\/02\/1_JRB_5895.jpg?fit=1200%2C801&ssl=1&resize=350%2C200","width":350,"height":200,"srcset":"https:\/\/i0.wp.com\/www.joergbehr.de\/wp-content\/uploads\/2022\/02\/1_JRB_5895.jpg?fit=1200%2C801&ssl=1&resize=350%2C200 1x, https:\/\/i0.wp.com\/www.joergbehr.de\/wp-content\/uploads\/2022\/02\/1_JRB_5895.jpg?fit=1200%2C801&ssl=1&resize=525%2C300 1.5x, https:\/\/i0.wp.com\/www.joergbehr.de\/wp-content\/uploads\/2022\/02\/1_JRB_5895.jpg?fit=1200%2C801&ssl=1&resize=700%2C400 2x, https:\/\/i0.wp.com\/www.joergbehr.de\/wp-content\/uploads\/2022\/02\/1_JRB_5895.jpg?fit=1200%2C801&ssl=1&resize=1050%2C600 3x"},"classes":[]},{"id":701,"url":"https:\/\/www.joergbehr.de\/?page_id=701","url_meta":{"origin":84,"position":3},"title":"Besetzung CARDILLAC","author":"Schorse","date":"13. Dezember 2017","format":false,"excerpt":"Musikalische Leitung: Rudolf Piehlmayer, Inszenierung: J\u00f6rg Behr, B\u00fchne und Kost\u00fcme: Marc Weeger, Silke Willrett, Choreinstudierung: Karl Andreas Mehling, Dramaturgie: Juliane Votteler. Der Goldschmied Cardillac: Mark Morouse, Die Tochter: Sally du Randt, Der Offizier: Timothy Simpson, Der Goldh\u00e4ndler: Peer Bach Nissen, Der Kavalier: Seung Hyun Kim, Die Dame: Kerstin Descher, Der\u2026","rel":"","context":"\u00c4hnlicher Beitrag","block_context":{"text":"\u00c4hnlicher Beitrag","link":""},"img":{"alt_text":"","src":"","width":0,"height":0},"classes":[]},{"id":707,"url":"https:\/\/www.joergbehr.de\/?page_id=707","url_meta":{"origin":84,"position":4},"title":"Besetzung DIE GESCHICHTE VOM SOLDATEN","author":"Schorse","date":"13. Dezember 2017","format":false,"excerpt":"Musikalische Leitung: Giuliano Betta, Inszenierung: J\u00f6rg Behr, B\u00fchne und Kost\u00fcme: Silke Willrett und Marc Weeger, Dramaturgie: Ulrike Aistleitner. Der Soldat: Markus Heinrich, Der Teufel: Kerstin Brix, Die Prinzessin: Jeanette Wernecke. Niederrheinische Sinfoniker.","rel":"","context":"\u00c4hnlicher Beitrag","block_context":{"text":"\u00c4hnlicher Beitrag","link":""},"img":{"alt_text":"","src":"","width":0,"height":0},"classes":[]},{"id":779,"url":"https:\/\/www.joergbehr.de\/?page_id=779","url_meta":{"origin":84,"position":5},"title":"Besetzung HYPERION","author":"Schorse","date":"13. Dezember 2017","format":false,"excerpt":"Musikalische Leitung: Kwam\u00e9 Ryan, Regie: J\u00f6rg Behr, B\u00fchne und Kost\u00fcme: Beatrix von Pilgrim, Dramaturgie: Sonja Blickensdorfer. Hyperion: Roberto Fabricciani (Fl\u00f6tist), Andreas Sindermann (Schauspieler); Susette Gontard \u201eDiotima\u201c: Sarah Crane; Jacob Gontard, ihr Mann: Ullo von Peinen; Marie R\u00e4tzer, Kinderm\u00e4dchen der Gontards: Sabine Br\u00e4uning; Alabanda, Revolution\u00e4r: Max Ruhbaum. Opernchor des Freiburger Theaters,\u2026","rel":"","context":"\u00c4hnlicher Beitrag","block_context":{"text":"\u00c4hnlicher Beitrag","link":""},"img":{"alt_text":"","src":"","width":0,"height":0},"classes":[]}],"_links":{"self":[{"href":"https:\/\/www.joergbehr.de\/index.php?rest_route=\/wp\/v2\/pages\/84","targetHints":{"allow":["GET"]}}],"collection":[{"href":"https:\/\/www.joergbehr.de\/index.php?rest_route=\/wp\/v2\/pages"}],"about":[{"href":"https:\/\/www.joergbehr.de\/index.php?rest_route=\/wp\/v2\/types\/page"}],"author":[{"embeddable":true,"href":"https:\/\/www.joergbehr.de\/index.php?rest_route=\/wp\/v2\/users\/1"}],"replies":[{"embeddable":true,"href":"https:\/\/www.joergbehr.de\/index.php?rest_route=%2Fwp%2Fv2%2Fcomments&post=84"}],"version-history":[{"count":19,"href":"https:\/\/www.joergbehr.de\/index.php?rest_route=\/wp\/v2\/pages\/84\/revisions"}],"predecessor-version":[{"id":2296,"href":"https:\/\/www.joergbehr.de\/index.php?rest_route=\/wp\/v2\/pages\/84\/revisions\/2296"}],"wp:attachment":[{"href":"https:\/\/www.joergbehr.de\/index.php?rest_route=%2Fwp%2Fv2%2Fmedia&parent=84"}],"curies":[{"name":"wp","href":"https:\/\/api.w.org\/{rel}","templated":true}]}}

<h3 style="padding-left: 30px; text-align: right;"><strong>&#8211; Seit April 2015 Lehrauftrag Szenischer Unterricht an der Opernschule HfMDK Frankfurt</strong></h3>
<p style="padding-left: 60px; text-align: right;">Leitung: Prof. Jan Richard Kehl, Musikalische Leitung: Prof. Günther Albers</p>
<p style="text-align: right;"><a href="https://www.hfmdk-frankfurt.de/news/szene-projekte-der-gesangs-abteilung-im-ws-202122">Opernprojekte der HfMDK Frankfurt</a></p>
<h3 style="padding-left: 30px; text-align: right;"><strong>&#8211; Mai/Juli 2013 Szenische Workshops an der HfM Saar, Saarbrücken</strong></h3>
<p style="padding-left: 60px; text-align: right;">Musikalische Leitung: Prof. Hans-Jörg Neuner</p>
<h3 style="padding-left: 30px; text-align: right;"><strong>&#8211; Okt. 2009 &#8211; Aug. 2012 Dozent für Szenische Grundausbildung mit </strong><strong>Leitung der Opernschule </strong><strong>am Leopold-Mozart-Zentrum der Universität Augsburg </strong></h3>
<p style="padding-left: 60px; text-align: right;">Musikalische Leitung: Andreas Ruppert</p>

<p>&#8211; Seit April 2015 Lehrauftrag Szenischer Unterricht an der Opernschule HfMDK Frankfurt Leitung: Prof. Jan Richard Kehl, Musikalische Leitung: Prof. Günther Albers Opernprojekte der HfMDK Frankfurt &#8211; Mai/Juli 2013 Szenische Workshops an der HfM Saar, Saarbrücken Musikalische Leitung: Prof. Hans-Jörg Neuner &#8211; Okt. 2009 &#8211; &hellip; <a href="https://www.joergbehr.de/?page_id=84" class="more-link"><span>Continue reading<span class="screen-reader-text">Lehre</span></span></a></p>

Besetzung Händel SERSE

Musikalische Leitung: Eva Maria Pollerus · Inszenierung: Jörg Behr · Bühne: Andreas Wilkens · Kostüme: Natalie Krautkrämer Serse: Annemarie Pfahler / Maria Zibert · Arsamene: Guénaelle Moerth / Mascha Melts · Romilda: Suh Yoon Chang / Geonhee Kim · Amastre: Milena Haunhorst · Elviro: Maximilian Schmitt · (Alle Darsteller*innen Studierende des…

Ähnlicher Beitrag

Musikalische Leitung: Günther Albers,  Regie: Jörg Behr, Bühne: Andreas Wilkens, Kostüme: Natalie Krautkrämer. Giovanni: Frédéric Moerth / Kanghyuk Lee,  Leporello: Doheon Kim, Anna: Andrea Cueva Molnar, Elvira: Rebekka Stolz, Zerlina: Florentine Schumacher, Masetto: Florian Conze, Ottavio: Florian Löffler, Komtur: Seung Won Choi. Instrumentalisten aus Studierenden der HfMDK Frankfurt, Klavier: Irina…

Händel SERSE (XERXES) – HfMDK Frankurt

https://www.joergbehr.de/?page_id=2158 Wirklich ein Fest sind die Premieren meiner Inszenierung von Händel SERSE letzten Freitag, dem 4. Februar 2022, gewesen - wie Eva-Maria Pollerus, die Musikalische Leiterin von SERSE und Leiterin des Instituts für Historische Aufführungspraxis in der "Frankfurter Schule", der HfMDK Frankfurt - hinterher so treffend sagte: Wir konnten beide…

Musikalische Leitung: Rudolf Piehlmayer, Inszenierung: Jörg Behr, Bühne und Kostüme: Marc Weeger, Silke Willrett, Choreinstudierung: Karl Andreas Mehling, Dramaturgie: Juliane Votteler. Der Goldschmied Cardillac: Mark Morouse, Die Tochter: Sally du Randt, Der Offizier: Timothy Simpson, Der Goldhändler: Peer Bach Nissen, Der Kavalier: Seung Hyun Kim, Die Dame: Kerstin Descher, Der…

Musikalische Leitung: Giuliano Betta, Inszenierung: Jörg Behr, Bühne und Kostüme: Silke Willrett und Marc Weeger, Dramaturgie: Ulrike Aistleitner. Der Soldat: Markus Heinrich, Der Teufel: Kerstin Brix, Die Prinzessin: Jeanette Wernecke. Niederrheinische Sinfoniker.

Musikalische Leitung: Kwamé Ryan, Regie: Jörg Behr, Bühne und Kostüme: Beatrix von Pilgrim, Dramaturgie: Sonja Blickensdorfer. Hyperion: Roberto Fabricciani (Flötist), Andreas Sindermann (Schauspieler); Susette Gontard „Diotima“: Sarah Crane; Jacob Gontard, ihr Mann: Ullo von Peinen; Marie Rätzer, Kindermädchen der Gontards: Sabine Bräuning; Alabanda, Revolutionär: Max Ruhbaum. Opernchor des Freiburger Theaters,…
